(-12)*4?
8
Let n(t) = -49*t**3 + 2*t**2 + 4*t + 2. What is the tens digit of n(-2)?
9
What is the tens digit of -1*((-1)/(-1) + (-200 - -15))?
8
Let c be (-1 - 23)*(-5 + 2). Suppose -3*v = 2*t - 94 - c, 0 = -2*t - 5*v + 158. What is the units digit of t?
9
Let p(d) = d**2 - 4*d - 3. Let i be p(4). Let c = i + 5. Suppose -c*u = -4*h + h - 27, -5*u + 55 = 5*h. What is the tens digit of u?
1
What is the units digit of 40/(-260) + 1096/(-52)*-41?
4
What is the thousands digit of (-5)/(-1) - (-15*81 - 6)?
1
Suppose 5*l = 3*l. Let m be 2 + l + -9 + 7. Suppose 0 = 3*z - 7*z - 3*d + 2, m = -2*z - 2*d. What is the units digit of z?
2
Suppose -3*s = -4*o - 4869, 32*s - 3*o - 3247 = 30*s. What is the hundreds digit of s?
6
Suppose 2*z - 4*d - 1378 = 0, 0 = 13*d - 17*d - 8. What is the units digit of z?
5
Let i = 1 + -2. Let k be (7 - 6/3)*-1. What is the tens digit of 363/15 - i/k?
2
Suppose -7250 = -160*d + 155*d. What is the thousands digit of d?
1
Let h(d) = 2*d**2 + 5*d - 2. Let j(s) be the first derivative of -s**3/3 - 5*s**2/2 + 17*s + 4. Let i be j(-7). What is the tens digit of h(i)?
3
Suppose 2*y = 2*h - 5574, -h - 3*y + 5*y = -2786. Suppose -2*b - 15*b + h = 0. What is the tens digit of b?
6
Let g(p) = -4*p + 44. Let k be g(10). Suppose -26 = k*q - 1262. What is the units digit of q?
9
Suppose 0 = 4*q + 2*q - 186. Suppose 0 = -32*k + q*k + 8. What is the units digit of k?
8
Let l be -179 - (5/5 + 0). Let d = 256 + l. What is the tens digit of d?
7
Let u = 2245 - 893. What is the units digit of u?
2
Let k(g) = g**3 - 9*g**2 + 8*g + 12. Let b be k(10). Let m be 2/7 + b/112. Suppose -4*t = 4, -m*t - 3*t + 187 = 3*z. What is the units digit of z?
4
Suppose 0*h + 4*h = c - 477, 5*h + 594 = 2*c. Let u = 28 - h. What is the tens digit of u?
4
Let v(j) = 3*j**2 - 11*j - 14. Suppose 3*t + 3*y - 27 = 7*y, 0 = t - 3*y - 9. What is the hundreds digit of v(t)?
1
Suppose 34*g - 82 = -14. Suppose 2*d - 88 = 140. Suppose g*w - d = -32. What is the units digit of w?
1
Let j(y) = 43*y**3 + y**2 + 4*y + 3. What is the units digit of j(3)?
5
Let h(u) = 3*u - 45. Let v be h(15). Let z(k) = -k**2 - 2*k + 159. What is the hundreds digit of z(v)?
1
Suppose 0*l + 13 = 5*i - l, -3*i = -5*l - 21. Let a(h) = 2*h + 12*h + 0 + 0. What is the units digit of a(i)?
8
What is the units digit of (1 + 3)/8 + (-664)/(-16)?
2
Let v = 84 - 64. Let x(t) = -t**2 + 21*t - 17. What is the units digit of x(v)?
3
Let g = 5055 + -1485. What is the units digit of g?
0
Suppose 186 = -0*d + 2*d. Suppose 0 = -s + 3*v - 6*v + d, 0 = -2*s - v + 191. What is the units digit of s?
6
What is the hundreds digit of 1582/5 - 4/10?
3
Let v(h) = -h**2 - 9*h - 2. Let u(x) = -x**2 - 5*x - 1. Let k(d) = -d + 1. Let n be k(-2). Let g(w) = n*v(w) - 5*u(w). What is the units digit of g(-2)?
1
Suppose 3*t = 9, z - 13 = -7*t + 2*t. What is the units digit of 2 + -1 - -124 - z?
7
Let g = 84 - -41. Let r = 187 - g. What is the units digit of r?
2
Let u = -12 + 15. What is the units digit of 140/u*54/45?
6
Let n(s) = 2*s - 1. Let f = -11 + 2. Let z be n(f). Let i = z - -42. What is the units digit of i?
3
Suppose -2*w + 379 = -2*a - 219, -4*w = -3*a - 1195. What is the units digit of w?
8
Let y = 23 + -18. Suppose y*b = 79 + 166. What is the tens digit of b?
4
Suppose 41177 = 21*o - 6640. What is the hundreds digit of o?
2
Let n = -92 + 96. Suppose -3*q + n*b = -532, -2*b = -3*q - b + 529. What is the tens digit of q?
7
Let s be -1*(-3 + 0 - 2) + -3. Suppose s*t - 10*t + 656 = 0. What is the tens digit of t?
8
Let q = -61 + 99. Let s = q + 20. What is the tens digit of s?
5
Suppose -5*x = 4*i - 26, x + 2 = 4. Suppose -2*n + 7 = -3*o - 36, 5*o + 81 = i*n. What is the tens digit of n?
1
Suppose 3*u + 73 = 4*o, 6*o - 55 = 2*o - 3*u. Let w(t) = -t - 3. Let m be w(-7). Let d = o + m. What is the tens digit of d?
2
Let j be ((-1)/(-1 + -1))/(50/(-600)). What is the units digit of j/(-18) + (281/(-3))/(-1)?
4
Let b = 2504 - 1494. What is the units digit of b?
0
Let g = 852 - 458. What is the tens digit of g?
9
Suppose -5*l - 204 - 332 = -k, -2617 = -5*k + 4*l. What is the tens digit of k?
2
Let r be ((-2)/(-3))/(4/54). What is the hundreds digit of 3/(-9) + 1308/r?
1
Suppose 3 = -23*y + 20*y, 2*s + 5*y - 4049 = 0. What is the hundreds digit of s?
0
Let w(a) = -9*a + 13 + 5*a + 12*a. What is the tens digit of w(9)?
8
Let o be 0 - 0 - (-78)/18*21. Let r = 120 - o. What is the units digit of r?
9
Let i(s) = s**3 + 14*s**2 - 64*s - 15. What is the hundreds digit of i(-9)?
9
Let u(d) be the first derivative of 19*d**3 - d**2/2 + d + 6. What is the tens digit of u(1)?
5
Let g be 10/6 + (-650)/(-78). Let v = 11 + g. What is the tens digit of v?
2
Suppose 4*z = 2*q - 8, -4*z - 2 = -q + 8. What is the hundreds digit of (2 + 238)/2 - q?
1
Suppose -7*t - 97 = 225. Let v = 437 + t. Suppose 5*r + 3*a - 396 = 2*a, 5*r - v = 4*a. What is the units digit of r?
9
Let s = 51 + -24. What is the units digit of s/(4 + -1) - -2?
1
Suppose -p = 4*f - 20620, 4*p + 2684 = f - 2488. What is the hundreds digit of f?
1
Suppose -4*s = -3*g + 7, 0 = 2*s - 2*g + g + 5. Let r = s - -94. What is the units digit of r?
0
Suppose -8*t = -4*t - 2976. What is the tens digit of t?
4
Let s = 2256 - 1479. What is the hundreds digit of s?
7
Let f be (-104 + -1 - 1)/(-2). Let x = 21 - f. Let q = x + 52. What is the units digit of q?
0
Suppose -2*s + 0*s - 4*o + 10 = 0, -s + 5 = 5*o. Let w(l) = l**3 + 5*l**2 + 2*l + 7. Let c be w(-5). Let f = s + c. What is the units digit of f?
2
Suppose 2*p - 4*i = 132, 0*p + 346 = 5*p - 2*i. What is the units digit of 4/6*(p - -5)?
0
Let q(h) = 3658*h**3 - h**2 + 3*h - 1. What is the tens digit of q(1)?
5
Suppose 4*g + 5*v = -5, 2*g + 4*v + 4 = -0. Suppose 3*w - 17 = -0*w + j, g = 2*w - j - 12. What is the units digit of w?
5
Let y(n) = -n**2 + 11*n - 10. Let r be y(10). Let k(j) = 3*j + 110. Let l be k(r). Suppose 3*u = -4*h + 80, 0*h + l = 4*u + 2*h. What is the tens digit of u?
2
Let p(n) = n**3 + 8*n**2 + 10*n + 23. Let l be p(-7). Suppose -103 = -b - 0*o - l*o, 2 = o. What is the units digit of b?
9
Suppose h = 3*m + 105, -h = 2*h - 3*m - 321. Suppose 4*b - 609 = -3*a + h, 0 = 4*b - 3*a - 747. What is the hundreds digit of b?
1
Suppose 0 = -2*m + 2, 2 - 12 = -2*f - 4*m. Let d(i) = 4*i**2 + i - 4. Let y be d(f). Suppose -y - 105 = -5*n. What is the tens digit of n?
2
Let r be (-3)/(-1) - 7 - -2. Let n(f) = -3*f**3 - 2*f**2 - 3*f - 2. What is the tens digit of n(r)?
2
Suppose 5*i + 26 = -2*n, 5*i + 19 = -n - 4. Let d = n + 3. Suppose d = -z + 1 + 4. What is the units digit of z?
5
Suppose -3*h - 3*g = 168, -3*h - 2*h + 4*g - 244 = 0. Let l = h + 140. What is the tens digit of l?
8
What is the units digit of 2/(-11) - 2607/(-363)?
7
Suppose -6*w - 7638 = -10*w - 2*b, -2*b = -2*w + 3816. What is the tens digit of w?
0
Let i be 0 + (-1)/(-1) + -2. What is the tens digit of (-133 - (5 - 9))*1*i?
2
Suppose -24*f + 37103 = 5951. What is the tens digit of f?
9
Let u(j) = -297*j - 180. What is the thousands digit of u(-6)?
1
Let h be 3/(-4) + (-339)/(-4). Suppose h = w - 4*p - 45, 4*w = 5*p + 472. What is the tens digit of w?
1
Suppose 8*w = 7*w - 15. Let g(r) = r**3 + 15*r**2 - 6*r - 19. What is the units digit of g(w)?
1
Suppose 2*w = 54 + 6. Suppose 15*b - w = 12*b. What is the tens digit of b?
1
Let z(w) = -w + 14. Let f be z(10). Let i(l) = -l**2 + l. Let r(b) = 3*b**2 - 4*b + 6. Let y(v) = 2*i(v) + r(v). What is the tens digit of y(f)?
1
Let c(v) = v**2 + 2*v - 82. Suppose -5*o = 2*u + 59, 25 + 17 = -3*o + u. What is the units digit of c(o)?
1
Suppose f = 3*f - 6. Suppose 2*s - 4 = t + 16, 4*s - 34 = 5*t. Suppose 2*h = f + 7, l + s = 4*h. What is the units digit of l?
9
Suppose -1956 = 14*g - 19638. What is the thousands digit of g?
1
Suppose -3*u + 13622 = 4541. What is the hundreds digit of u?
0
Suppose -5*g = 5*j - 75, -j - 4*g = -2*g - 16. Let m(z) = -z**2 + 6 + 4*z**2 - 2*z**2 - 3*z - j. What is the tens digit of m(8)?
3
Suppose -a + 7*a - 4536 = 0. What is the units digit of a?
6
Let x = -43 - -48. Suppose 2*l + 18 = -f + 63, 0 = -f + x*l + 10. What is the units digit of f?
5
Suppose 2*v - 100 + 17 = 3*c, 3*v = -5*c - 132. What is the units digit of (-36)/(3 - c/(-6))?
4
Let r = -29 + 30. What is the tens digit of r